19, 227, 30757
What are the prime factors of 289656291?
3, 103, 181, 5179
List the prime factors of 806795354.
2, 403397677
List the prime factors of 751781672.
2, 5743, 16363
What are the prime factors of 26415224?
2, 11, 23, 31, 421
What are the prime factors of 48429535?
5, 7, 11, 125791
What are the prime factors of 401925182?
2, 53, 397, 9551
List the prime factors of 17510636.
2, 11, 13, 23
What are the prime factors of 2397002182?
2, 1198501091
List the prime factors of 100348553.
100348553
What are the prime factors of 65092675?
5, 29, 89783
List the prime factors of 505078492.
2, 127, 994249
What are the prime factors of 95105755?
5, 19021151
What are the prime factors of 238656143?
11, 21696013
List the prime factors of 3227684781.
3, 23143, 46489
What are the prime factors of 204487810?
2, 5, 71, 179, 1609
List the prime factors of 70233761.
13, 5402597
What are the prime factors of 14779214?
2, 7389607
What are the prime factors of 47132242?
2, 1583, 14887
What are the prime factors of 66411728?
2, 4150733
List the prime factors of 38019199.
38019199
List the prime factors of 60738498.
2, 3, 374929
What are the prime factors of 221100616?
2, 11, 2512507
What are the prime factors of 70192982?
2, 35096491
List the prime factors of 384195753.
3, 37, 269, 4289
What are the prime factors of 1278071249?
7, 13, 997, 14087
What are the prime factors of 2064578?
2, 19, 54331
What are the prime factors of 998516383?
173, 5771771
What are the prime factors of 905754915?
3, 5, 13, 677, 2287
List the prime factors of 46130751.
3, 5125639
List the prime factors of 9633741.
3, 13, 19, 13001
What are the prime factors of 5515521214?
2, 7, 53, 7433317
What are the prime factors of 5925761?
5925761
What are the prime factors of 164851372?
2, 7, 19, 47, 347
What are the prime factors of 2384814822?
2, 3, 13, 30574549
What are the prime factors of 86061981?
3, 193, 148639
List the prime factors of 55594115.
5, 1123, 9901
List the prime factors of 1547691296.
2, 48365353
List the prime factors of 16512933.
3, 17, 47, 83
What are the prime factors of 51911208?
2, 3, 89, 8101
List the prime factors of 290920022.
2, 227, 640793
What are the prime factors of 753569536?
2, 2943631
What are the prime factors of 7925362853?
41, 4021, 48073
List the prime factors of 4950642617.
4950642617
List the prime factors of 67370816.
2, 647, 1627
List the prime factors of 607297575.
3, 5, 47, 172283
List the prime factors of 87618905.
5, 11, 1593071
List the prime factors of 6461740.
2, 5, 323087
List the prime factors of 2478444026.
2, 1239222013
List the prime factors of 223635537.
3, 97, 256169
List the prime factors of 425634598.
2, 212817299
List the prime factors of 192960788.
2, 2083, 23159
List the prime factors of 3287574370.
2, 5, 19, 17303023
What are the prime factors of 43041275?
5, 1721651
List the prime factors of 101527183.
443, 229181
List the prime factors of 6979904024.
2, 23, 67, 566183
List the prime factors of 3741029400.
2, 3, 5, 6235049
What are the prime factors of 46221863?
2267, 20389
List the prime factors of 76772783.
76772783
List the prime factors of 232669832.
2, 29083729
List the prime factors of 827491057.
601, 997, 1381
What are the prime factors of 12507529?
17, 19, 38723
What are the prime factors of 29203377?
3, 7, 29, 79, 607
List the prime factors of 164080858.
2, 71, 1155499
List the prime factors of 210405023.
1543, 136361
List the prime factors of 139095388.
2, 31, 1121737
What are the prime factors of 238182276?
2, 3, 47, 422309
What are the prime factors of 3527801166?
2, 3, 61, 9638801
What are the prime factors of 7261835465?
5, 1452367093
List the prime factors of 186434877.
3, 131, 474389
List the prime factors of 666094342.
2, 233, 1429387
List the prime factors of 3526615753.
61, 401, 144173
List the prime factors of 100448401.
31, 41, 79031
List the prime factors of 76366656.
2, 3, 197, 673
What are the prime factors of 2074479729?
3, 7, 89, 158563
List the prime factors of 1526574102.
2, 3, 73, 89, 39161
List the prime factors of 152903233.
7, 1013, 21563
List the prime factors of 294935231.
89, 3313879
What are the prime factors of 45122505?
3, 5, 17, 176951
List the prime factors of 132789051.
3, 23, 1033
List the prime factors of 68554624.
2, 41, 13063
List the prime factors of 45292137.
3, 11, 101, 107, 127
What are the prime factors of 240231636?
2, 3, 2224367
What are the prime factors of 147347010?
2, 3, 5, 71, 23059
List the prime factors of 40499090.
2, 5, 23, 37, 4759
What are the prime factors of 39346918?
2, 13, 116411
List the prime factors of 28904483.
47, 101, 6089
What are the prime factors of 40116034?
2, 7, 2865431
What are the prime factors of 1415588290?
2, 5, 113, 269, 4657
List the prime factors of 125628403.
125628403
What are the prime factors of 42983787?
3, 7, 11, 73, 2549
List the prime factors of 1458995007.
3, 486331669
What are the prime factors of 1613443923?
3, 7, 13, 281431
List the prime factors of 4232456.
2, 17, 31121
What are the prime factors of 146516252?
2, 113, 324151
List the prime factors of 91035275.
5, 149, 24439
What are the prime factors of 1119857?
1119857
List the prime factors of 48912936.
2, 3, 2038039
List the prime factors of 228118415.
5, 7, 1429, 4561
List the prime factors of 12546909.
3, 31, 44971
What are the prime factors of 9520975?
5, 380839
What are the prime factors of 47511025?
5, 1900441
What are the prime factors of 159659153?
139, 653, 1759
List the prime factors of 228599623.
7, 71, 353, 1303
List the prime factors of 309325181.
11, 28120471
List the prime factors of 523271304.
2, 3, 47, 101, 1531
List the prime factors of 10885271.
19, 572909
What are the prime factors of 552064995?
3, 5, 463, 26497
What are the prime factors of 219260363?
7, 31322909
List the prime factors of 144924125.
5, 1159393
What are the prime factors of 1383426435?
3, 5, 47, 1962307
What are the prime factors of 1418001893?
7, 11, 29, 635021
List the prime factors of 106779541.
11, 131, 74101
What are the prime factors of 83819650?
2, 5, 1676393
List the prime factors of 1324112.
2, 82757
List the prime factors of 712872464.
2, 44554529
What are the prime factors of 149016895?
5, 829, 35951
List the prime factors of 52797906.
2, 3, 7, 46559
What are the prime factors of 39097264?
2, 457, 5347
List the prime factors of 90190305.
3, 5, 1061, 1889
What are the prime factors of 16472940?
2, 3, 5, 11, 2269
What are the prime factors of 106925456?
2, 11, 607531
List the prime factors of 4907206778.
2, 293, 8374073
List the prime factors of 298517431.
298517431
List the prime factors of 185500789.
185500789
List the prime factors of 15295093.
11, 29, 47947
List the prime factors of 150593546.
2, 47, 1602059
List the prime factors of 90334154.
2, 53, 139, 6131
What are the prime factors of 262306580?
2, 5, 13115329
What are the prime factors of 618064333?
367, 1684099
List the prime factors of 426847124.
2, 11, 409, 23719
What are the prime factors of 1485266448?
2, 3, 227, 271, 503
List the prime factors of 909167969.
31, 29327999
What are the prime factors of 166500691?
7, 23785813
List the prime factors of 424156744.
2, 11, 4819963
What are the prime factors of 46356116?
2, 37, 293, 1069
List the prime factors of 172897689.
3, 1447, 39829
List the prime factors of 441999155.
5, 13, 467, 14561
List the prime factors of 59614481.
3889, 15329
What are the prime factors of 738261134?
2, 13, 1913, 14843
What are the prime factors of 92689662?
2, 3, 13, 37, 32117
What are the prime factors of 2236732824?
2, 3, 67, 491, 2833
List the prime factors of 171351594.
2, 3, 9519533
List the prime factors of 1719851312.
2, 23, 4673509
What are the prime factors of 1558363885?
5, 13, 1321, 18149
What are the prime factors of 1157613472?
2, 1877, 19273
What are the prime factors of 100179384?
2, 3, 4174141
What are the prime factors of 3382974488?
2, 71, 107, 55663
List the prime factors of 4465339590.
2, 3, 5, 1009, 147517
What are the prime factors of 16378073?
61, 268493
List the prime factors of 4866149365.
5, 7, 11, 67, 71, 2657
List the prime factors of 3586222514.
2, 7, 23, 11137337
What are the prime factors of 607297489?
23899, 25411
List the prime factors of 763639095.
3, 5, 1777, 